ivided by 17196?
208
What is the remainder when 1116338 is divided by 558163?
12
What is the remainder when 3403784 is divided by 798?
314
Calculate the remainder when 265208261 is divided by 2629.
2628
Calculate the remainder when 85339 is divided by 42648.
43
Calculate the remainder when 164769 is divided by 164696.
73
Calculate the remainder when 27802 is divided by 2311.
70
Calculate the remainder when 331515372 is divided by 555.
552
What is the remainder when 3775691 is divided by 44?
7
What is the remainder when 36606 is divided by 48?
30
What is the remainder when 129841 is divided by 105?
61
What is the remainder when 35656152 is divided by 181919?
28
Calculate the remainder when 1021803 is divided by 147.
6
What is the remainder when 147181 is divided by 887?
826
Calculate the remainder when 7356883 is divided by 102176.
211
Calculate the remainder when 31716982 is divided by 59.
57
What is the remainder when 134239523 is divided by 107?
105
Calculate the remainder when 3255956 is divided by 98665.
11
Calculate the remainder when 118413148 is divided by 150.
148
Calculate the remainder when 50551 is divided by 4593.
28
Calculate the remainder when 172142 is divided by 804.
86
What is the remainder when 197415 is divided by 19741?
5
Calculate the remainder when 5060946 is divided by 2530467.
12
Calculate the remainder when 615637 is divided by 307812.
13
Calculate the remainder when 176644 is divided by 35318.
54
Calculate the remainder when 4294415 is divided by 69.
62
Calculate the remainder when 199248844 is divided by 3031.
3028
What is the remainder when 5567333 is divided by 18374?
11
Calculate the remainder when 37281063 is divided by 7290.
3
What is the remainder when 211864569 is divided by 2547?
15
Calculate the remainder when 28160555 is divided by 13190.
13095
Calculate the remainder when 11801649 is divided by 428.
405
Calculate the remainder when 71610 is divided by 198.
132
What is the remainder when 290240 is divided by 6662?
3774
Calculate the remainder when 1343 is divided by 100.
43
Calculate the remainder when 759481 is divided by 71.
65
What is the remainder when 108395836 is divided by 4666?
4656
Calculate the remainder when 1253784 is divided by 626246.
1292
Calculate the remainder when 692274 is divided by 154.
44
Calculate the remainder when 960773 is divided by 960694.
79
Calculate the remainder when 95797358 is divided by 6.
2
Calculate the remainder when 1144192 is divided by 29338.
10
Calculate the remainder when 219966 is divided by 4680.
6
What is the remainder when 552743 is divided by 276336?
71
What is the remainder when 4461531 is divided by 462?
459
What is the remainder when 18740687 is divided by 152?
151
What is the remainder when 43811856 is divided by 167?
74
Calculate the remainder when 413078 is divided by 18.
14
What is the remainder when 572263 is divided by 143?
120
Calculate the remainder when 2898403 is divided by 111476.
27
Calculate the remainder when 599786 is divided by 8813.
502
What is the remainder when 3618845 is divided by 723714?
275
Calculate the remainder when 65205 is divided by 9309.
42
What is the remainder when 7956356 is divided by 216?
212
What is the remainder when 2086653 is divided by 112?
93
What is the remainder when 2345470 is divided by 1172724?
22
Calculate the remainder when 672603 is divided by 794.
85
Calculate the remainder when 97026 is divided by 3709.
592
Calculate the remainder when 488652 is divided by 726.
54
What is the remainder when 43274980 is divided by 1191?
1186
What is the remainder when 2801947 is divided by 345?
202
What is the remainder when 127727644 is divided by 4597?
4596
Calculate the remainder when 39617915 is divided by 6602982.
23
What is the remainder when 27914 is divided by 842?
128
Calculate the remainder when 34418427 is divided by 492.
75
Calculate the remainder when 113205959 is divided by 12.
11
Calculate the remainder when 1187134 is divided by 914.
762
Calculate the remainder when 179920 is divided by 22465.
200
What is the remainder when 6949259 is divided by 2762?
67
Calculate the remainder when 892781 is divided by 1436.
1025
Calculate the remainder when 62893 is divided by 19228.
5209
What is the remainder when 8666 is divided by 7895?
771
Calculate the remainder when 235983680 is divided by 153.
152
Calculate the remainder when 179648 is divided by 279.
251
What is the remainder when 269186 is divided by 6981?
3908
Calculate the remainder when 35072869 is divided by 3804.
3793
Calculate the remainder when 1875726 is divided by 53.
3
Calculate the remainder when 11477766 is divided by 1267.
13
Calculate the remainder when 1638940 is divided by 2022.
1120
Calculate the remainder when 3477 is divided by 30.
27
Calculate the remainder when 291745 is divided by 20743.
1343
What is the remainder when 4137653 is divided by 3803?
3792
Calculate the remainder when 15938543 is divided by 160.
143
Calculate the remainder when 6427168 is divided by 39190.
8
Calculate the remainder when 4269377 is divided by 121982.
7
What is the remainder when 5874477 is divided by 2937142?
193
Calculate the remainder when 214531 is divided by 163.
23
Calculate the remainder when 26107997 is divided by 42.
41
What is the remainder when 1450868 is divided by 75?
68
Calculate the remainder when 6123 is divided by 1299.
927
What is the remainder when 24688733 is divided by 10?
3
Calculate the remainder when 228681 is divided by 57152.
73
What is the remainder when 82482 is divided by 82429?
53
Calculate the remainder when 3844727 is divided by 192236.
7
What is the remainder when 8528049 is divided by 1019?
38
Calculate the remainder when 1162389 is divided by 165982.
515
Calculate the remainder when 71951 is divided by 71784.
167
What is the remainder when 2310279351 is divided by 508?
507
What is the remainder when 110357027 is divided by 4206?
4205
What is the remainder when 488501 is divided by 269?
266
What is the remainder when 280592273 is divided by 123?
122
Calculate the remainder when 217623 is divided by 2650.
323
Calculate the remainder when 101487 is divided by 5068.
127
What is the remainder when 413659 is divided by 2100?
2059
Calculate the remainder when 6615343 is divided by 1061.
8
What is the remainder when 18575864 is divided by 9274?
42
What is the remainder when 5369519 is divided by 22752?
47
Calculate the remainder when 11407 is divided by 1332.
751
What is the remainder when 144334648 is divided by 361?
350
Calculate the remainder when 3715219 is divided by 996.
139
Calculate the remainder when 766913 is divided by 2016.
833
What is the remainder when 433631 is divided by 2046?
1925
What is the remainder when 10980747 is divided by 1372564?
235
What is the remainder when 3055403 is divided by 102?
95
Calculate the remainder when 919890 is divided by 754.
10
What is the remainder when 114475 is divided by 1564?
303
What is the remainder when 9338520 is divided by 1440?
120
Calculate the remainder when 805487 is divided by 114981.
620
What is the remainder when 324061 is divided by 937?
796
Calculate the remainder when 990014 is divided by 21.
11
What is the remainder when 1676235 is divided by 3889?
76
What is the remainder when 25522 is divided by 22639?
2883
What is the remainder when 89754551 is divided by 1548?
1511
What is the remainder when 6810653 is divided by 927?
911
What is the remainder when 197066 is divided by 17680?
2586
Calculate the remainder when 4365142 is divided by 7922.
120
What is the remainder when 290851 is divided by 150?
1
What is the remainder when 5752606 is divided by 61195?
276
Calculate the remainder when 3625898 is divided by 126.
122
Calculate the remainder when 192004 is divided by 95377.
1250
What is the remainder when 11006546 is divided by 227?
224
Calculate the remainder when 97715 is divided by 13681.
1948
Calculate the remainder when 63114 is divided by 3944.
10
Calculate the remainder when 652286 is divided by 21.
5
What is the remainder when 331750 is divided by 165087?
1576
What is the remainder when 30613451 is divided by 169135?
16
Calculate the remainder when 16463990 is divided by 8.
6
Calculate the remainder when 27929 is divided by 13724.
481
Calculate the remainder when 2